w + 5. Let y be x(w). Suppose y*o + 17 = 2*l + 3*o, -3*l - 3*o = -33. List the prime factors of l.
2
Suppose 0 = 3*v + m - 243, 4*v - 4*m = -m + 311. What are the prime factors of v/(-20) + -1 + 221?
2, 3
Let z(r) be the second derivative of -5*r**5 + r**3/6 + r**2/2 + 25*r - 1. List the prime factors of z(-1).
2, 5
Let v = 8 - 8. Suppose 0*c - 5*c + 40 = v. List the prime factors of c.
2
List the prime factors of -1 + ((-62488)/(-36) - (-14)/63).
5, 347
Let c(h) = -3*h + 21. Suppose -5*b - 8*x - 60 = -3*x, -5*x - 18 = 2*b. What are the prime factors of c(b)?
3, 7
Let b = 7 - 15. Let t = -6 - b. Suppose -t*u = 3*i - 102, 4 = -i + 3*i. What are the prime factors of u?
2, 3
Let h be 0*6/(-9 - 3). Let t be -4*1*2/(-4). Suppose h = -2*m, -t*x - 2*m = x - 78. List the prime factors of x.
2, 13
Let n(m) = 66*m**2 + 59*m + 11. What are the prime factors of n(-6)?
19, 107
Let o(q) = 16*q + 98. Let h be o(-6). Suppose -3*b + t = -0*b - 41, -b + t + 11 = 0. Suppose -h*y = -3*y + b. What are the prime factors of y?
3, 5
Let s(d) = 4*d - 12. Let f be s(5). Let a(i) = -i**2 + 14*i - 10. Let b be a(f). Suppose -x + 57 = 3*v, 0 = -2*v - 0*x - 3*x + b. List the prime factors of v.
19
Let g = -9 + 18. Let d(l) = 4 - 3 - 5*l**2 + 15*l**2 + 2*l + g*l**2. List the prime factors of d(-1).
2, 3
Let x(p) = -p**3 - 26*p + 15. List the prime factors of x(-13).
2, 3, 5, 17
Suppose i + 3*k + 0*k - 470 = 0, 0 = 4*i + 2*k - 1930. List the prime factors of i.
5, 97
Suppose f - 4*d - 14 = -6*d, 0 = 2*d - 10. Let l be f - (1 - -2 - 3). Suppose -7*o = -l*o - 120. What are the prime factors of o?
2, 5
List the prime factors of 8/(-80) + 162205/50.
2, 811
Suppose -q = 20 - 14. Let f be (-2)/13 + (-708)/(-39). Let k = q + f. List the prime factors of k.
2, 3
Let b(c) = c**2 + 10*c + 23. Let a be b(-7). Suppose -138 = -a*y - 4*g, 2*y - 4*y + 138 = -2*g. What are the prime factors of y?
3, 23
Let r be (-100)/6*(-84)/(-2). Let s = -390 - r. What are the prime factors of s?
2, 5, 31
Suppose -27*h + 8828 = -14014. What are the prime factors of h?
2, 3, 47
Suppose -4*a + a + 2*p + 12 = 0, -5*p = -2*a + 8. Suppose a = -2*c, 0 = 7*f - 5*f - 4*c - 20. List the prime factors of f.
2, 3
Let t(v) = 2*v**3 + 13*v**2 - 3*v - 9. Let p(d) = 3*d - 63. Let a be p(19). What are the prime factors of t(a)?
3, 5
Suppose -1296 - 670 = -x. Suppose -4*u = 2*d - 764, -4*d + 4*u + x = d. Suppose 5*t + 145 = d. List the prime factors of t.
7
What are the prime factors of (498/83)/((-670)/676 + 1)?
2, 13
Let d(b) = -b**3 + 2*b**2 + 5*b - 4. Let r be ((-30)/40)/(2/(-8)). Let u be d(r). Suppose -5*i - 23 = -v, 2*v = u*i + 3*i + 66. List the prime factors of v.
43
Let v(u) = 43*u + 6. Let m be -21*(3/(-15))/((-12)/(-20)). List the prime factors of v(m).
307
Let f = 19 + -9. Let r(q) = -q**3 + 9*q**2 + 15*q + 2. List the prime factors of r(f).
2, 13
Let j = 9 - 2. Suppose 9*q = j*q - 2. List the prime factors of (0 + -2)*q + 12.
2, 7
List the prime factors of (-10 - 493)*-1*1.
503
What are the prime factors of (6270/(-20))/19*248/(-6)?
2, 11, 31
Let u(y) = 4*y**2 + 2*y - 4. Suppose 10 = -4*j - 2*h, j + 3*h - 6 = -21. Let q be (j - -2)*(-6)/4. List the prime factors of u(q).
2, 13
Let j(a) = 48*a**3 + 5*a**2 - a - 14. What are the prime factors of j(3)?
2, 331
Let p(z) be the third derivative of -z**5/60 + 5*z**4/8 + z**3/2 + 4*z**2. List the prime factors of p(14).
17
List the prime factors of ((-4)/(-2) - -1136) + (83 - 88).
11, 103
Let x = 1 + 5. Suppose -u = -3*d + 17, 0 = 5*d + u - x*u - 25. Suppose o = 4*w - 91, o - 37 = -w + d*o. List the prime factors of w.
2, 11
Let m(j) = -j**3 + 10*j**2 + j + 14. Let f be -2 + 2/(-2) - -13. Let r be m(f). Suppose i = 4*i - r. List the prime factors of i.
2
Let o = 2230 - -254. List the prime factors of o.
2, 3, 23
Suppose y - 4*y - 2*i = -2, 5*y + 2 = 2*i. Let n = 1 - 1. Suppose n = -c - y*c + 8. What are the prime factors of c?
2
Suppose 0 = -5*x + 15, -3*b + 2*b + x - 18 = 0. Let c(q) = -3*q + 10. What are the prime factors of c(b)?
5, 11
Suppose 2*n - 32 = 68. Suppose 0 = -3*y + n + 85. List the prime factors of y.
3, 5
Let j(o) = 13*o**2 - 33*o + 61. List the prime factors of j(2).
47
Let m be (-3 - 132/(-20))*10. Let l be (5 - -1)/((-8)/m). Let k = l - -67. What are the prime factors of k?
2, 5
Suppose q = 5*a - 7499 - 186, -4*q + 7685 = 5*a. What are the prime factors of a?
29, 53
Let k = -30 - -62. Let n = k - 20. Let f = 40 + n. List the prime factors of f.
2, 13
Let r = 165 - 117. Let t = r - 18. Suppose l + 4 = t. What are the prime factors of l?
2, 13
Suppose -4*i = 4*h - 76, 63 = 3*i - 0*i - 3*h. Suppose -3*j + 40 = -i. Suppose -q = 2*q + 5*w - j, 0 = -4*q + 2*w + 18. List the prime factors of q.
5
Let i be (-1)/2 + (-100)/(-8). Suppose -k - 2*x = 3, -3*x = -k - 3*k - i. List the prime factors of -1 + (-1 - -18) - k.
19
Let g = -235 + 758. List the prime factors of g.
523
Let i(v) = -v**2 + v - 3. Let k be i(-3). Let q be 1*(-3)/9*k. Suppose 45 = q*s - 35. List the prime factors of s.
2
Let h = 2 + -23. Let p be (-663)/h - 12/(-28). Suppose 0 = 3*g - 52 - p. List the prime factors of g.
2, 7
Let r(t) = -4*t - 3. Suppose 0*o + 6*o = 42. Let l = o - 12. What are the prime factors of r(l)?
17
Let b(v) = -3 + 4 + 2 + v - 6*v - 4*v. Let q = 7 + -12. What are the prime factors of b(q)?
2, 3
Let m(b) = -9*b - 13. Let u(a) = a**2 - 8*a - 4. Let p be u(7). Let l be m(p). Suppose -2*k = 3*v - l, v - 4*k = -3*v + 108. List the prime factors of v.
2, 7
Let a = 3 + 1. Let w(o) = 7*o**3 + 1 - 2*o - 5*o**3 - o**3 - 2*o**2 + 0. What are the prime factors of w(a)?
5
Let k = 993 - 310. What are the prime factors of k?
683
Suppose -936 = -0*v - 6*v. Let o = v + 1. List the prime factors of o.
157
Let q = -3 + 0. Let h be q/(-1) - 5 - 1. List the prime factors of 26 + h + 3/3.
2, 3
Suppose 4*y + 201 = -3*z, 27 = -y - z - 24. Let q = -21 - y. List the prime factors of q.
3
What are the prime factors of (238/(-6))/(10/(-300))?
2, 5, 7, 17
Let v be 225 - -4 - (0 + 0). Suppose -v = -3*h + 194. What are the prime factors of h?
3, 47
Let u = -6 - 3. Let d be (-6)/27 + (-218)/u. Suppose 106 = 5*m - d. What are the prime factors of m?
2, 13
Suppose 0 = p + 1 + 1, 4*p = 4*i - 16. Let u be i/5*(1 - -9). Suppose r + 138 = u*r. What are the prime factors of r?
2, 23
Let z(y) = -y**3 - 9*y**2 - 3*y + 7. Let p be z(-6). Let g = 141 - p. Suppose -47 = 3*r - g. List the prime factors of r.
59
Let o(d) = d**2 - 11*d + 4. Let f be o(9). Let q = -14 - f. List the prime factors of 185/5 + 0 + q.
37
Let s be 92/20 - 4 - 6768/(-20). Suppose 3*y = -k - 4*k + s, 3*y + 123 = 2*k. List the prime factors of k.
2, 3, 11
Let s = 14 - 11. Suppose -v - s*v + 32 = 0. List the prime factors of (-2)/v*(-4 - 16).
5
Let v(a) = -a + 18. Let b be v(4). Let l be ((-21)/(-4))/(-1)*-4. Let f = l - b. What are the prime factors of f?
7
Let q(d) = d**2 - 7*d. Let p(i) = -6*i + 1. Let u(b) = -4*p(b) + 3*q(b). List the prime factors of u(4).
2, 7
Let x = 150 + -152. List the prime factors of (1 - 0) + x + 5 + 59.
3, 7
Suppose -7*f + 2*f = -5*n + 50, -n + 10 = 4*f. Let j be -15 - -26 - 1*3. Let m = n - j. What are the prime factors of m?
2
What are the prime factors of (-18)/(-4)*(-109 + 675)?
3, 283
Suppose -3901 = -2*k + 99. What are the prime factors of k?
2, 5
Let q = 43 + -33. Let m = 10 + q. List the prime factors of m.
2, 5
Let v(b) be the first derivative of b**4/4 + 13*b**3/3 - 7*b**2 + 20*b + 3. Let m be v(-14). Suppose -4 - m = -2*i. List the prime factors of i.
2, 3
Suppose -2*n = 3*i - 6*n + 4, 5*i + 4*n = 36. Suppose -i*d = -d, -3*g + 3*d + 147 = 0. What are the prime factors of g?
7
Let b = -13 - -8. Let k = b - -7. Suppose j + 13 = k*j. What are the prime factors of j?
13
Suppose -24671 - 8444 = -37*q. What are the prime factors of q?
5, 179
Suppose -2*h - n = 14 + 7, 3*h - n + 29 = 0. What are the prime factors of 5/(h/(-6)) - (-130 + -4)?
137
Let z = -1108 - -1517. List the prime factors of z.
409
Suppose 5*z - 4*u - 9950 = 0, 2*z - 2*u - 921 = 3059. What are the prime factors of z?
2, 5, 199
Let f = -662 + 1744. What are the prime factors of f?
2, 541
Suppose 0 = 2*z + 34 - 40. Suppose 2*b - 4*d = 171 + 203, -z*d = 4*b - 803. What are the prime factors of b?
197
Let j(q) = -q**3 + 6*q**2 + q + 5. 